{"id":39,"date":"2009-11-08T23:50:09","date_gmt":"2009-11-08T22:50:09","guid":{"rendered":"http:\/\/pensionrychta.cz\/ubytovani\/?page_id=39"},"modified":"2013-11-06T15:12:57","modified_gmt":"2013-11-06T14:12:57","slug":"dalsi-informace","status":"publish","type":"page","link":"http:\/\/pensionrychta.cz\/ubytovani\/dalsi-informace\/","title":{"rendered":"Dal\u0161\u00ed informace"},"content":{"rendered":"<p>Kam d\u00e1le?<\/p>\n<ul>\n<li><a title=\"Ubytovac\u00ed \u0159\u00e1d\" href=\"?page_id=418\">Ubytovac\u00ed \u0159\u00e1d &rarr;<\/a><\/li>\n<li><a href=\"?page_id=35\">Stravov\u00e1n\u00ed &rarr;<\/a><\/li>\n<\/ul>\n","protected":false},"excerpt":{"rendered":"<p>Kam d\u00e1le? Ubytovac\u00ed \u0159\u00e1d &rarr; Stravov\u00e1n\u00ed &rarr;<\/p>\n","protected":false},"author":3,"featured_media":0,"parent":0,"menu_order":0,"comment_status":"closed","ping_status":"open","template":"","meta":{"footnotes":""},"_links":{"self":[{"href":"http:\/\/pensionrychta.cz\/ubytovani\/wp-json\/wp\/v2\/pages\/39"}],"collection":[{"href":"http:\/\/pensionrychta.cz\/ubytovani\/wp-json\/wp\/v2\/pages"}],"about":[{"href":"http:\/\/pensionrychta.cz\/ubytovani\/wp-json\/wp\/v2\/types\/page"}],"author":[{"embeddable":true,"href":"http:\/\/pensionrychta.cz\/ubytovani\/wp-json\/wp\/v2\/users\/3"}],"replies":[{"embeddable":true,"href":"http:\/\/pensionrychta.cz\/ubytovani\/wp-json\/wp\/v2\/comments?post=39"}],"version-history":[{"count":7,"href":"http:\/\/pensionrychta.cz\/ubytovani\/wp-json\/wp\/v2\/pages\/39\/revisions"}],"predecessor-version":[{"id":964,"href":"http:\/\/pensionrychta.cz\/ubytovani\/wp-json\/wp\/v2\/pages\/39\/revisions\/964"}],"wp:attachment":[{"href":"http:\/\/pensionrychta.cz\/ubytovani\/wp-json\/wp\/v2\/media?parent=39"}],"curies":[{"name":"wp","href":"https:\/\/api.w.org\/{rel}","templated":true}]}}

Další informace

<p>Kam dále?</p>
<ul>
<li><a title="Ubytovací řád" href="?page_id=418">Ubytovací řád &rarr;</a></li>
<li><a href="?page_id=35">Stravování &rarr;</a></li>
</ul>

<p>Kam dále? Ubytovací řád &rarr; Stravování &rarr;</p>
