{"id":418,"date":"2022-04-17T05:53:10","date_gmt":"2022-04-17T04:53:10","guid":{"rendered":"http:\/\/3cd2a5128f829bcb646b340935599224.birnex.com\/ubytovani\/?page_id=418"},"modified":"2022-04-17T10:20:16","modified_gmt":"2022-04-17T09:20:16","slug":"ubytovaci-rad","status":"publish","type":"page","link":"http:\/\/pensionrychta.cz\/ubytovani\/dalsi-informace\/ubytovaci-rad\/","title":{"rendered":"Ubytovac\u00ed \u0159\u00e1d"},"content":{"rendered":"<p><b>Doba p\u0159\u00edjezdu:<\/b><\/p>\n<ul>\n<li>v\u011bt\u0161inou v odpoledn\u00edch hodin\u00e1ch<\/li>\n<li>po dohod\u011b mo\u017eno i jinak<\/li>\n<\/ul>\n<p><b>Doba uvoln\u011bn\u00ed pokoje:<\/b><\/p>\n<ul>\n<li>v\u011bt\u0161inou dopoledne (mezi 10. a 11. hodinou)<\/li>\n<li>po dohod\u011b mo\u017eno i jinak<\/li>\n<\/ul>\n<p><b>P\u0159ihl\u00e1\u0161en\u00ed:<\/b> <b><\/b><\/p>\n<ul>\n<li>p\u0159ihlaste se v\u00a0kancel\u00e1\u0159i <b><\/b><\/li>\n<li>p\u0159i prvn\u00edm pobytu u n\u00e1s n\u00e1sleduje kr\u00e1tk\u00e1 exkurze\/sezn\u00e1men\u00ed s pensionem<b><\/b><\/li>\n<li>obdr\u017e\u00edte kl\u00ed\u010de od pokoje: hlavn\u00ed vchod, pokoj, ly\u017e\u00e1rna\/kol\u00e1rna, sk\u0159\u00ed\u0148ka v\u00a0kuchyni<b><\/b><\/li>\n<li>a dohodneme, kdy a jak bude uhrazen pobyt.<\/li>\n<\/ul>\n<p><b>Dal\u0161\u00ed pokyny a informace:<\/b><\/p>\n<ul>\n<li>p\u0159i vstupu do pensionu se p\u0159ezouvejte<b><\/b><\/li>\n<li>p\u0159i odchodu mimo pension zav\u00edrejte vchodov\u00e9 dve\u0159e a okna v pokoj\u00edch a ve spole\u010densk\u00e9 m\u00edstnosti<b><\/b><\/li>\n<li>neku\u0159te v\u00a0budov\u011b a nepou\u017e\u00edvejte otev\u0159en\u00fd ohe\u0148 \u2013 kou\u0159en\u00ed povoleno pouze na terase<\/li>\n<li>na pokoj\u00edch nepou\u017e\u00edvejte \u017e\u00e1dn\u00e9 tepeln\u00e9 spot\u0159ebi\u010de<b><\/b><\/li>\n<li>j\u00eddlo p\u0159ipravujte pouze v\u00a0kuchyni, udr\u017eujte zde po\u0159\u00e1dek<b><\/b><\/li>\n<li>j\u00eddlo konzumujte v\u00a0j\u00eddeln\u011b, neodn\u00e1\u0161ejte jej na pokoje<b><\/b><\/li>\n<li>dodr\u017eujte no\u010dn\u00ed klid od 22 do 8 hodin<b><\/b><\/li>\n<li>\u0161et\u0159ete za\u0159\u00edzen\u00ed pensionu<b><\/b><\/li>\n<li>k\u00a0su\u0161en\u00ed v\u011bc\u00ed je mo\u017eno pou\u017e\u00edt su\u0161\u00e1rnu (boty) a\u00a0p\u0159\u00edpadn\u011b\u00a0spole\u010dn\u00e9 prostory<b><\/b><\/li>\n<li>v\u00a0pr\u016fb\u011bhu pobytu nezaji\u0161\u0165ujeme \u00faklid pokoj\u016f, \u00faklidov\u00e9 prost\u0159edky jsou v su\u0161\u00e1rn\u011b, dal\u0161\u00ed poskytneme na vy\u017e\u00e1d\u00e1n\u00ed<b><\/b><\/li>\n<li>kola, ly\u017ee a dal\u0161\u00ed sportovn\u00ed pot\u0159eby ukl\u00e1dejte v\u00a0ly\u017e\u00e1rn\u011b\/kol\u00e1rn\u011b<b><\/b><\/li>\n<li>heslo na wifi najdete na n\u00e1st\u011bnce ve vchodu<\/li>\n<li>dal\u0161\u00ed informace najdete v Rycht\u00e1\u0159sk\u00e9 knize<\/li>\n<li>ve\u0161ker\u00e9 p\u0159ipom\u00ednky n\u00e1m sd\u011blte, budeme se sna\u017eit je co nejl\u00e9pe vy\u0159e\u0161it<b><\/b><\/li>\n<\/ul>\n<p><b>D\u011bkujeme za dodr\u017eov\u00e1n\u00ed a p\u0159ejeme v\u00e1m p\u0159\u00edjemn\u00fd pobyt<\/b><\/p>\n<p><span style=\"color: #008000;\"><b>Rycht\u00e1\u0159i<\/b><\/span><\/p>\n","protected":false},"excerpt":{"rendered":"<p>Doba p\u0159\u00edjezdu: v\u011bt\u0161inou v odpoledn\u00edch hodin\u00e1ch po dohod\u011b mo\u017eno i jinak Doba uvoln\u011bn\u00ed pokoje: v\u011bt\u0161inou dopoledne (mezi 10. a 11. hodinou) po dohod\u011b mo\u017eno i jinak P\u0159ihl\u00e1\u0161en\u00ed: p\u0159ihlaste se v\u00a0kancel\u00e1\u0159i p\u0159i prvn\u00edm pobytu u n\u00e1s n\u00e1sleduje kr\u00e1tk\u00e1 exkurze\/sezn\u00e1men\u00ed s pensionem obdr\u017e\u00edte kl\u00ed\u010de od pokoje: hlavn\u00ed vchod, pokoj, ly\u017e\u00e1rna\/kol\u00e1rna, sk\u0159\u00ed\u0148ka v\u00a0kuchyni a dohodneme, kdy a jak [&hellip;]<\/p>\n","protected":false},"author":3,"featured_media":0,"parent":39,"menu_order":0,"comment_status":"open","ping_status":"open","template":"","meta":{"footnotes":""},"_links":{"self":[{"href":"http:\/\/pensionrychta.cz\/ubytovani\/wp-json\/wp\/v2\/pages\/418"}],"collection":[{"href":"http:\/\/pensionrychta.cz\/ubytovani\/wp-json\/wp\/v2\/pages"}],"about":[{"href":"http:\/\/pensionrychta.cz\/ubytovani\/wp-json\/wp\/v2\/types\/page"}],"author":[{"embeddable":true,"href":"http:\/\/pensionrychta.cz\/ubytovani\/wp-json\/wp\/v2\/users\/3"}],"replies":[{"embeddable":true,"href":"http:\/\/pensionrychta.cz\/ubytovani\/wp-json\/wp\/v2\/comments?post=418"}],"version-history":[{"count":8,"href":"http:\/\/pensionrychta.cz\/ubytovani\/wp-json\/wp\/v2\/pages\/418\/revisions"}],"predecessor-version":[{"id":1287,"href":"http:\/\/pensionrychta.cz\/ubytovani\/wp-json\/wp\/v2\/pages\/418\/revisions\/1287"}],"up":[{"embeddable":true,"href":"http:\/\/pensionrychta.cz\/ubytovani\/wp-json\/wp\/v2\/pages\/39"}],"wp:attachment":[{"href":"http:\/\/pensionrychta.cz\/ubytovani\/wp-json\/wp\/v2\/media?parent=418"}],"curies":[{"name":"wp","href":"https:\/\/api.w.org\/{rel}","templated":true}]}}

Ubytovací řád

<p><b>Doba příjezdu:</b></p>
<ul>
<li>většinou v odpoledních hodinách</li>
<li>po dohodě možno i jinak</li>
</ul>
<p><b>Doba uvolnění pokoje:</b></p>
<ul>
<li>většinou dopoledne (mezi 10. a 11. hodinou)</li>
<li>po dohodě možno i jinak</li>
</ul>
<p><b>Přihlášení:</b> <b></b></p>
<ul>
<li>přihlaste se v kanceláři <b></b></li>
<li>při prvním pobytu u nás následuje krátká exkurze/seznámení s pensionem<b></b></li>
<li>obdržíte klíče od pokoje: hlavní vchod, pokoj, lyžárna/kolárna, skříňka v kuchyni<b></b></li>
<li>a dohodneme, kdy a jak bude uhrazen pobyt.</li>
</ul>
<p><b>Další pokyny a informace:</b></p>
<ul>
<li>při vstupu do pensionu se přezouvejte<b></b></li>
<li>při odchodu mimo pension zavírejte vchodové dveře a okna v pokojích a ve společenské místnosti<b></b></li>
<li>nekuřte v budově a nepoužívejte otevřený oheň – kouření povoleno pouze na terase</li>
<li>na pokojích nepoužívejte žádné tepelné spotřebiče<b></b></li>
<li>jídlo připravujte pouze v kuchyni, udržujte zde pořádek<b></b></li>
<li>jídlo konzumujte v jídelně, neodnášejte jej na pokoje<b></b></li>
<li>dodržujte noční klid od 22 do 8 hodin<b></b></li>
<li>šetřete zařízení pensionu<b></b></li>
<li>k sušení věcí je možno použít sušárnu (boty) a případně společné prostory<b></b></li>
<li>v průběhu pobytu nezajišťujeme úklid pokojů, úklidové prostředky jsou v sušárně, další poskytneme na vyžádání<b></b></li>
<li>kola, lyže a další sportovní potřeby ukládejte v lyžárně/kolárně<b></b></li>
<li>heslo na wifi najdete na nástěnce ve vchodu</li>
<li>další informace najdete v Rychtářské knize</li>
<li>veškeré připomínky nám sdělte, budeme se snažit je co nejlépe vyřešit<b></b></li>
</ul>
<p><b>Děkujeme za dodržování a přejeme vám příjemný pobyt</b></p>
<p><span style="color: #008000;"><b>Rychtáři</b></span></p>

<p>Doba příjezdu: většinou v odpoledních hodinách po dohodě možno i jinak Doba uvolnění pokoje: většinou dopoledne (mezi 10. a 11. hodinou) po dohodě možno i jinak Přihlášení: přihlaste se v kanceláři při prvním pobytu u nás následuje krátká exkurze/seznámení s pensionem obdržíte klíče od pokoje: hlavní vchod, pokoj, lyžárna/kolárna, skříňka v kuchyni a dohodneme, kdy a jak [&hellip;]</p>
